**3 + 2*j**2 - j - 2. Let t(n) = n**3 + 33*n**2 + 74*n + 25. Let q be t(-2). Determine w(q).
-4
Let z(s) = 2*s + 61. Let w(q) = 5*q + 142. Let d(i) = 3*w(i) - 7*z(i). Let t = -2 + -5. Give d(t).
-8
Let s be 7 + (17 + -19)/(-2 + 0). Let d(o) = 26*o - s*o - 17*o + 6. What is d(-12)?
-6
Let f = -8 + 9. Let n(p) = 18*p**3 + 3*p**2 - 17*p + 3. Let s(m) = 11 + 8*m**2 - 6*m**3 - 6 - 6 - 9*m**2 + 5*m. Let a(i) = 2*n(i) + 7*s(i). What is a(f)?
-7
Let f(l) = -l**2 - 7*l - 5. Let i be (-110)/9 - 2/(-9). Let s be ((-7)/1)/(-11 - i). Let h be f(s). Let w(x) = x**2 + 4*x - 7. What is w(h)?
-2
Let r(o) = -o**3 - 5*o**2 - o. Let w = 635 + -619. Suppose -5*k + 3*j - w = 0, -9 = 3*j - 15. Determine r(k).
-10
Let k = -710 - -1665. Let h = -955 + k. Let b(r) = 2*r + 0*r**2 + 9 + r**2 - 3*r + r**3. What is b(h)?
9
Let n be ((-360)/144)/((-5)/12). Let k(l) = -l**2 + 4*l + 13. What is k(n)?
1
Let o = 3 - -6. Let v = 2754 + -2750. Suppose -1 + o = -v*a. Let g(k) = -2*k**2 + 2*k - 1. Determine g(a).
-13
Let s(w) = 6*w - 7. Let k(n) = -11*n - 19. Let u(f) = 6*f + 12. Let x(q) = 3*k(q) + 5*u(q). Let r(i) = -4*s(i) - 10*x(i). Calculate r(2).
10
Let m(i) = -11*i**2 - 63*i - 12*i**2 - 36 + 89 + 278 + i**3. Determine m(25).
6
Let p(z) = z**2 + 16*z - 22. Let y(s) = s**2 + 14*s - 20. Let t(l) = 3*p(l) - 4*y(l). Let g be t(-10). Let v(x) = -4*x + 3. Calculate v(g).
27
Suppose -m + 4*m = 14*m - 55. Let w be 1*-3*(-12)/9. Let u(q) = 1 + q - w + 7*q - 3*q. Determine u(m).
22
Let y(k) be the first derivative of 16*k**3 - k**2 - k - 230. Determine y(-1).
49
Let i(j) = 4*j**3 - 25*j**2 + 4. Let r(v) = -3 + 4760*v**2 + 6*v**3 - 4777*v**2 + 6 - 3*v**3. Let o(l) = -5*i(l) + 7*r(l). Let w = -18 + 12. Determine o(w).
1
Let y be 0 + 0 + (-9)/((-18)/8). Suppose 0 = -12*z + y + 44. Let d(v) = v - 5. What is d(z)?
-1
Suppose -2*m - 5*c + 1072 - 1026 = 0, 5*m - 100 = -5*c. Let l(r) = -6*r + 103. Give l(m).
-5
Let t(m) = -8*m**3 - 3*m**2 + 6*m + 1. Let y(q) = -7*q**3 - 2*q**2 + 7*q. Let d(h) = 6*t(h) - 7*y(h). Suppose 7*x - 137 + 95 = 0. Calculate d(x).
0
Let r be (-128)/12*(-5 + 28/8). Let b(k) = -k + 21. Let n be b(r). Let m(z) = -z**2 - z + 9. Let f(p) = -p**2 + 8. Let g(q) = -5*f(q) + 4*m(q). Calculate g(n).
1
Let c be (1 - -11)*(-9 + 14/((-448)/(-248))). Let z(p) = p - 19. What is z(c)?
-34
Suppose -496 - 164 = -220*j. Let f(n) be the first derivative of 1/3*n**3 - 2*n**2 - j*n + 17. What is f(4)?
-3
Let n = -642 - -647. Let f(r) be the second derivative of r**5/20 - 5*r**4/12 - r**3/6 + r**2 - 8*r + 1. Determine f(n).
-3
Suppose 14*v + 5 = 47. Suppose 0 = 2*r + 2*x + 18, -v*x + 5 = 5*r - 10*r. Let y(h) = h**2 - 2*h - 5. Give y(r).
19
Suppose -d + 2 = -0*d. Let x(u) = 2*u - 6*u - 11 + d - u**2. Let o = 439 - 445. What is x(o)?
-21
Let t(n) = -2*n**2 + 4*n**2 + 3*n - 71219*n**3 - 3 + 71209*n**3. Give t(2).
-69
Let v(l) be the third derivative of -l**8/6720 + l**7/2520 + l**5/40 + l**4/24 + l**3/6 - 46*l**2. Let s(p) be the second derivative of v(p). Give s(0).
3
Let t(s) be the third derivative of 4/3*s**3 - 1/60*s**5 + 0 - 3*s**2 + 0*s + 1/4*s**4. Let m(g) = -4*g + 128. Let w be m(30). Give t(w).
-8
Let x(u) be the third derivative of u**6/120 - u**5/60 - u**4/8 + 2*u**3 - u**2 + u - 11. Give x(0).
12
Let s(m) = -2*m - 3. Let f be 34/(-3) - ((-282)/(-18) + -16). What is s(f)?
19
Let p(n) = 6*n - 13. Let q(g) be the first derivative of -g**2/2 + g + 4. Let m(i) = -p(i) - 5*q(i). Let s be (99/(-55))/(26/(-20) - -1). What is m(s)?
2
Let r(n) be the first derivative of n**4/6 + n**3 + n**2/2 - 18*n + 60. Let p(l) be the second derivative of r(l). Determine p(-5).
-14
Let m(k) be the third derivative of 5*k**4/24 - 10*k**3/3 - 18*k**2 + 2. Let r be m(3). Let f(d) = 5*d + 17. Give f(r).
-8
Let c(m) = m**3 - 6*m**2 - 16*m + 15. Let v(k) = 38*k + 312. Let y be v(-8). Calculate c(y).
15
Let p(a) = -19*a - 430. Let h(g) = -39*g - 789. Let d(v) = 6*h(v) - 11*p(v). Give d(1).
-29
Let l(d) be the first derivative of d**4/24 + d**3/3 + 29*d**2/2 + 26. Let c(u) be the second derivative of l(u). Calculate c(5).
7
Let s(b) = -3*b**2 + 7*b - 4. Let q be s(1). Let z be q + 2/(-8) - 1456/(-448). Let m(u) = -3*u**2 + 3*u - 4. Calculate m(z).
-22
Let g(u) be the second derivative of 2*u**3 - 3*u**2/2 - u + 257. Calculate g(2).
21
Let r(h) = h + 2. Let y(j) = 10*j - 13. Let o be y(4). Let d be (-36)/(-10)*45/o. Suppose -d*v + v + 4 = -2*w, -4 = 4*v - 4*w. Give r(v).
4
Let l(q) be the second derivative of -1/6*q**3 + 2 + 7/2*q**2 + 21*q. Give l(5).
2
Let v(n) = n**3 - 9*n**2 + 8*n + 1. Let r be -1 - 0 - -1 - 0. Suppose r*l = -5*l + 40. Let m be v(l). Let g(a) = 9*a + 1. Determine g(m).
10
Let x(r) be the second derivative of r**4/6 + 2*r**3/3 + 3*r**2/2 - 50*r - 40. Let b = 5 - 1. Let t be (-4)/(-10)*(-9 + b). Give x(t).
3
Let k(s) be the second derivative of s**5/20 + 2*s**4/3 + 4*s**3/3 + 2769*s. What is k(-6)?
24
Let l(u) be the third derivative of u**2 - 10 + 0*u + 5/24*u**4 + 1/2*u**3. Determine l(-2).
-7
Let d be ((-8)/20)/((1 - 4)/120). Let u be (-12)/8*d*6/(-8). Let x(l) = l**3 + u*l**2 - 3*l - 5 + l - 14*l**2. Calculate x(-4).
3
Suppose 13*t + 147 - 247 = -165. Let x(v) = 5 + 0 - 3 - v. Calculate x(t).
7
Suppose -3*v - 2 = -2*b + 4*b, -5*v - 10 = 0. Let u(i) = -3 - i**b - 151*i - 2*i**3 + 155*i - i**2. What is u(2)?
-19
Suppose 4*v = 10 - 2. Let w be (4/(-10))/((-15)/375). Suppose v*y - w = 2. Let b(n) = -n**2 + 7*n - 5. Calculate b(y).
1
Let t(k) = k**2 - 21*k + 104. Let s be t(13). Let b(p) = -14*p + 3*p + s*p + 14*p + 13. What is b(-6)?
-5
Let x(f) = -9*f + 2. Let o(i) = 3*i + 1. Let c(v) = 8*o(v) + 3*x(v). Determine c(11).
-19
Suppose 3*q - 3*u = 36, q + 0*u - 14 = 2*u. Suppose 0 = c - 5*a - q, 0*c + 5*c = -5*a + 50. Let x(h) = 25*h - 61*h + 21*h + 16*h - 1 - 14. Calculate x(c).
-5
Let v(t) = -6 - t + 6. Suppose -5*c - 10*d = -12*d - 237, 0 = c - 3*d - 50. Let j = c + -46. Determine v(j).
-1
Let z(k) be the third derivative of k**6/120 + 3*k**5/20 + 2*k**4/3 + 2*k**3/3 + 1431*k**2. Give z(-5).
24
Let t(f) = -f**3 + 6*f**2 + 6*f - 1. Suppose j - 3*c - 80 = -c, 5*c + 10 = 0. Let s = 4197 + -4266. Let l = s + j. What is t(l)?
-8
Suppose -120 = -41*d + 3. Let w = 0 - -2. Suppose 15 = w*b + d*b. Let h(l) = l**3 - 4*l**2 + l + 4. Calculate h(b).
-2
Suppose -2*z + 10 = -4*m, 63*m - 62*m = -z - 1. Let i be 12*((-2)/(-4) + 0). Let h(n) = i*n**3 + 3*n - n - z - 2*n**2 - 9*n**3. Determine h(1).
-4
Let d(y) = -2*y**2 - 23*y - 45. Suppose 208 = -112*n - 800. What is d(n)?
0
Let h(n) = 32*n - 57*n**2 + 7 + 16*n**2 + 21*n**2 - 9 + 22*n**2. Calculate h(-16).
-2
Let i(o) = -42*o - 20. Let l(w) = 15*w + 4. Let r(j) = -i(j) - 3*l(j). Determine r(5).
-7
Let c = -9537 - -9524. Let w(n) = n**3 + 12*n**2 - 11*n + 23. Calculate w(c).
-3
Let s(d) = -60*d**2 + 28*d - 33. Let u(w) = -21*w**2 + 10*w - 12. Let h(o) = 6*s(o) - 17*u(o). Determine h(2).
-10
Let t(k) be the second derivative of -k**3/3 + 37*k**2/2 - 112*k. Let q be t(15). Let h(x) = -x**2 + 4*x + 1. What is h(q)?
-20
Let c = 4 + -6. Let y(d) be the third derivative of -d**6/120 + d**5/20 + d**4/6 + d**3/3 - 40*d**2 + 508*d. Calculate y(c).
14
Let y(n) = n**2 + n - 1. Let z(x) = -x**3 + x**2 - x - 3. Let t(v) = -v**2 + 8*v - 1. Let b be t(8). Let u(o) = b*y(o) + z(o). Give u(3).
-35
Let y(j) = j**3 + 6*j**2 + j + 3. Let p be 20/(-25)*(9/6 + 1). Let b be p*(510/25 + 2/(-5)). Let s = b + 34. Give y(s).
-3
Suppose 0 = 17*s - 19*s + 44. Suppose 4*c - s = -2*d, -c = -4*d - 2 + 1. Let l(f) = f - 7. Give l(c).
-2
Suppose -a - 2*o = 44 + 12, 1 = -o. Let l = a + 45. Let k(z) = -z**2 - 7*z + 11. What is k(l)?
-7
Let v(p) be the third derivative of -p**4/24 - p**3/3 - 57*p**2. Let z(u) = 15*u + 23. Let r(i) = -22*v(i) - 2*z(i). Give r(-2).
14
Let q(k) = 8*k + 396. Let a(c) = 9*c + 504. Let g(b) = 3*a(b) - 4*q(b). Determine g(-13).
-7
Let v(w) be the second derivative of -10*w**4/3 - w**3/6 + w**2 - 102*w + 3. Calculate v(1).
-39
Let b(r) = -13*r - 114. Let p(u) = -28*u - 188. Let w(a) = -7*b(a) + 4*p(a). Determine w(7).
-101
Let f(k) = 3*k**2 + 25 - 15 - 11. Let h = 319 - 318. Determine f(h).
2
Let q(t) = t**3 - 11*t**2 + 16*t + 1. Let u = -11290 + 11299. Calculate q(u).
-17
Let y(p) = 207*p**2 + 18*p + 33. Let x(c) = -227*c**2 - 20*c - 33. Let b(r) = -10*x(r) - 11*y(r).